e 264?
True
Does 24 divide 6288?
True
Is 183 a factor of 23427?
False
Is 25114 a multiple of 58?
True
Is 75 a factor of 9300?
True
Is 18 a factor of 306?
True
Does 66 divide 7062?
True
Does 26 divide 21229?
False
Is 5 a factor of 2625?
True
Is 35207 a multiple of 161?
False
Does 240 divide 1680?
True
Does 14 divide 1946?
True
Is 8450 a multiple of 130?
True
Is 12 a factor of 226?
False
Is 81 a factor of 82202?
False
Does 10 divide 93?
False
Is 868 a multiple of 6?
False
Does 13 divide 9131?
False
Is 43 a factor of 5332?
True
Does 25 divide 2735?
False
Is 100282 a multiple of 14?
True
Does 58 divide 42340?
True
Is 36 a factor of 3384?
True
Is 10 a factor of 537?
False
Is 107 a factor of 9232?
False
Is 5920 a multiple of 40?
True
Is 1286 a multiple of 17?
False
Does 6 divide 380?
False
Does 18 divide 907?
False
Is 103 a factor of 45150?
False
Does 22 divide 316?
False
Is 624 a multiple of 48?
True
Is 528 a multiple of 23?
False
Is 42 a factor of 6128?
False
Does 14 divide 25172?
True
Is 12 a factor of 696?
True
Does 6 divide 444?
True
Is 42 a factor of 102?
False
Does 8 divide 13206?
False
Is 88 a factor of 9246?
False
Is 24 a factor of 15767?
False
Is 420 a multiple of 60?
True
Is 25020 a multiple of 20?
True
Is 25127 a multiple of 120?
False
Does 45 divide 2250?
True
Does 35 divide 10815?
True
Does 245 divide 3920?
True
Is 9 a factor of 39?
False
Does 21 divide 1890?
True
Does 12 divide 235?
False
Is 699 a multiple of 15?
False
Is 45236 a multiple of 43?
True
Does 25 divide 575?
True
Is 14080 a multiple of 175?
False
Is 60071 a multiple of 24?
False
Is 14 a factor of 73490?
False
Does 75 divide 375?
True
Is 192 a multiple of 43?
False
Is 134374 a multiple of 26?
False
Is 105 a factor of 290?
False
Is 39 a factor of 1911?
True
Is 28 a factor of 56?
True
Does 13 divide 10787?
False
Is 6914 a multiple of 21?
False
Does 8 divide 2936?
True
Is 5304 a multiple of 52?
True
Is 40 a factor of 1161?
False
Does 13 divide 3068?
True
Is 21245 a multiple of 209?
False
Is 11 a factor of 1445?
False
Is 34 a factor of 136646?
True
Is 15796 a multiple of 9?
False
Is 4973 a multiple of 46?
False
Does 95 divide 91580?
True
Is 9576 a multiple of 89?
False
Does 167 divide 3262?
False
Is 10048 a multiple of 90?
False
Is 928 a multiple of 58?
True
Is 40 a multiple of 8?
True
Is 98 a factor of 882?
True
Is 715 a multiple of 16?
False
Is 1853 a multiple of 10?
False
Does 5 divide 8815?
True
Is 648 a multiple of 18?
True
Is 3 a factor of 846?
True
Is 9 a factor of 1269?
True
Does 13 divide 3618?
False
Is 26 a factor of 3089?
False
Is 16836 a multiple of 138?
True
Is 32 a factor of 4992?
True
Does 9 divide 13878?
True
Is 9997 a multiple of 13?
True
Is 170400 a multiple of 40?
True
Does 21 divide 42?
True
Does 6 divide 486?
True
Is 196 a factor of 19125?
False
Is 2176 a multiple of 37?
False
Is 69280 a multiple of 8?
True
Is 3733 a multiple of 33?
False
Is 693 a multiple of 54?
False
Is 3153 a multiple of 9?
False
Is 258 a multiple of 6?
True
Does 24 divide 140?
False
Does 55 divide 34484?
False
Does 38 divide 6308?
True
Is 1112 a multiple of 11?
False
Does 81 divide 813?
False
Is 7987 a multiple of 38?
False
Does 3 divide 209?
False
Is 3724 a multiple of 76?
True
Does 17 divide 1105?
True
Is 2031 a multiple of 15?
False
Is 15093 a multiple of 9?
True
Does 38 divide 1102?
True
Is 20241 a multiple of 140?
False
Does 19 divide 535?
False
Is 131 a multiple of 24?
False
Is 58 a factor of 2784?
True
Is 3 a factor of 15?
True
Is 12 a factor of 10716?
True
Is 2253 a multiple of 68?
False
Is 8904 a multiple of 24?
True
Is 637 a multiple of 13?
True
Is 195 a factor of 27495?
True
Does 17 divide 7718?
True
Is 1386 a multiple of 42?
True
Is 3087 a multiple of 9?
True
Is 16 a factor of 240?
True
Is 19 a factor of 16606?
True
Does 116 divide 2288?
False
Does 59 divide 431?
False
Does 35 divide 23868?
False
Is 971 a multiple of 22?
False
Is 32 a multiple of 32?
True
Does 259 divide 14245?
True
Does 81 divide 405?
True
Is 13 a factor of 25120?
False
Does 15 divide 6053?
False
Does 126 divide 19278?
True
Does 20 divide 41102?
False
Does 48 divide 110928?
True
Is 3 a factor of 4806?
True
Does 14 divide 88?
False
Is 2 a factor of 1318?
True
Is 2163 a multiple of 3?
True
Is 461 a multiple of 6?
False
Does 14 divide 29358?
True
Is 17 a factor of 1683?
True
Does 97 divide 1261?
True
Is 2232 a multiple of 62?
True
Is 204 a multiple of 6?
True
Is 844 a multiple of 23?
False
Is 309 even?
False
Does 13 divide 117?
True
Is 8 a factor of 376?
True
Is 13 a factor of 325?
True
Is 83 a factor of 4399?
True
Is 7748 a multiple of 52?
True
Is 31 a factor of 24577?
False
Is 231 a factor of 23439?
False
Does 19 divide 114?
True
Does 80 divide 130101?
False
Does 2 divide 78?
True
Does 22 divide 11157?
False
Is 183 a multiple of 61?
True
Is 2542 a multiple of 82?
True
Is 206 a factor of 21343?
False
Is 10 a factor of 370?
True
Is 10773 a multiple of 133?
True
Is 8 a factor of 12128?
True
Is 6903 a multiple of 59?
True
Is 31 a factor of 1767?
True
Is 9 a factor of 8982?
True
Does 14 divide 210?
True
Is 3133 a multiple of 74?
False
Does 113 divide 3530?
False
Does 84 divide 3024?
True
Does 9 divide 2408?
False
Is 4 a factor of 1943?
False
Is 1860 a multiple of 96?
False
Is 5681 a multiple of 13?
True
Does 38 divide 76?
True
Is 269 a multiple of 151?
False
Does 6 divide 151?
False
Does 44 divide 27368?
True
Is 530 a multiple of 5?
True
Is 28117 a multiple of 31?
True
Is 7976 a multiple of 8?
True
Is 1616 a multiple of 101?
True
Does 23 divide 805?
True
Is 7 a factor of 805?
True
Is 6999 a multiple of 88?
False
Is 14 a factor of 151597?
False
Does 113 divide 24521?
True
Does 4 divide 7040?
True
Is 10 a factor of 301?
False
Does 22 divide 946?
True
Does 14 divide 49686?
True
Is 8585 a multiple of 85?
True
Is 684 a multiple of 11?
False
Is 86 a factor of 35445?
False
Is 55 a factor of 2805?
True
Is 77 a factor of 17479?
True
Is 88 a factor of 3127?
False
Does 11 divide 352?
True
Is 47374 a multiple of 171?
False
Is 37 a factor of 4024?
False
Does 7 divide 3883?
False
Is 45441 a multiple of 3?
True
Is 33 a factor of 850?
False
Does 3 divide 450?
True
Does 11 divide 71?
False
Does 16 divide 1440?
True
Is 112 a multiple of 56?
True
Is 66 a factor of 4499?
False
Does 29 divide 87?
True
Is 66649 a multiple of 62?
False
Does 17 divide 408?
True
Is 11 a factor of 6025?
False
Is 6 a factor of 1326?
True
Is 14 a factor of 616?
True
Is 5999 a multiple of 59?
False
Is 23 a factor of 920?
True
Is 42 a factor of 15876?
True
Does 3 divide 190?
False
Is 552 a multiple of 5?
False
Does 7 divide 42016?
False
Is 91 a multiple of 13?
True
Does 37 divide 9890?
False
Does 3 divide 5057?
False
Does 5 divide 19631?
False
Is 2 a factor of 522?
True
Is 23 a factor of 690?
True
Is 152329 a multiple of 21?
False
Is 139 a factor of 4386?
False
Is 124 a factor of 19716?
True
Does 10 divide 350?
True
Is 1287 a multiple of 6?
False
Is 1732 a multiple of 57?
False
Is 60 a factor of 3163?
False
Does 15 divide 6882?
False
Does 91 divide 273?
True
Is 71 a factor of 213?
True
Is 26 a factor of 208?
True
Is 624 a multiple of 78?
True
Does 43 divide 3395?
False
Is 5499 a multiple of 39?
True
Does 30 divide 46?
False
Is 64 a factor of 806?
False
Is 4 a factor of 420?
True
Does 5 divide 2655?
True
Is 28 a factor of 140?
True
Does 6 divide 96?
True
Is 8 a factor of 493?
False
Is 573 a multiple of 25?
False
Does 3 divide 349?
False
Does 22 divide 6743?
False
Is 37238 a multiple of 101?
False
Does 9 divide 4644?
True
Is 31 a factor of 814?
False
Is 81 a factor of 3841?
False
Is 6290 a multiple of 4?
False
Is 1281 a multiple of 64?
False
Does 110 divide 10434?
False
Does 445 divide 44508?
False
Is 9 a factor of 798?
False
Is 1716 a multiple of 11?
True
Is 8 a factor of 5680?
True
Does 125 divide 1805?
False
Is 18286 a multiple of 41?
True
Is 124431 a multiple of 250?
False
Does 16 divide 1047?
False
Does 150 divide 3150?
True
Is 33558 a multiple of 102?
True
Is 2150 a multiple of 25?
True
Is 1170 a multiple of 30?
True
Does 3 divide 399?
True
Is 86 a factor of 745?
False
Is 13552 a multiple of 102?
False
Is 19153 a multiple of 28?
False
Is 3626 a multiple of 74?
True
Does 34 divide 3400?
True
Is 34 a factor of 855?
False
Does 112 divide 4817?
False
Is 